{"id":1443,"date":"2017-12-17T09:24:05","date_gmt":"2017-12-17T07:24:05","guid":{"rendered":"http:\/\/www.garageschmidli.ch\/?page_id=1443"},"modified":"2017-12-17T17:56:02","modified_gmt":"2017-12-17T15:56:02","slug":"wagen-des-jahres","status":"publish","type":"page","link":"https:\/\/www.garageschmidli.ch\/?page_id=1443","title":{"rendered":"Wagen des Jahres"},"content":{"rendered":"<p>Jaguar XJ von 1969 mit Dodge GTS 340 cuin. V8<br \/>\n1972 vom Original 6 Zyl. mit 2.8 l auf V8 mit 5.6 l von Paul Schmidli umgebaut und\u00a0 erstmals vorgef\u00fchrt.<br \/>\nIm M\u00e4rz 2017 nach \u00fcber 300 Stunden Revision von Motor Automat und Aufh\u00e4ngung konnte der Jaguar nach \u00fcber 44 Jahren erneut gepr\u00fcft werden (dies war nur m\u00f6glich da der Umbau 1972 erfolgte).<\/p>\n<div id='gallery-1' class='gallery galleryid-1443 gallery-columns-3 gallery-size-thumbnail'><dl class='gallery-item'>\n\t\t\t<dt class='gallery-icon landscape'>\n\t\t\t\t<a href='https:\/\/www.garageschmidli.ch\/?attachment_id=1440'><img loading=\"lazy\" decoding=\"async\" width=\"150\" height=\"150\" src=\"https:\/\/www.garageschmidli.ch\/wp-content\/uploads\/2017\/12\/1FrontJagXJV81969-Kopie-150x150.jpg\" class=\"attachment-thumbnail size-thumbnail\" alt=\"\" \/><\/a>\n\t\t\t<\/dt><\/dl><dl class='gallery-item'>\n\t\t\t<dt class='gallery-icon landscape'>\n\t\t\t\t<a href='https:\/\/www.garageschmidli.ch\/?attachment_id=1442'><img loading=\"lazy\" decoding=\"async\" width=\"150\" height=\"150\" src=\"https:\/\/www.garageschmidli.ch\/wp-content\/uploads\/2017\/12\/1Endst\u00fccke340-Kopie-150x150.jpg\" class=\"attachment-thumbnail size-thumbnail\" alt=\"\" \/><\/a>\n\t\t\t<\/dt><\/dl><dl class='gallery-item'>\n\t\t\t<dt class='gallery-icon landscape'>\n\t\t\t\t<a href='https:\/\/www.garageschmidli.ch\/?attachment_id=1441'><img loading=\"lazy\" decoding=\"async\" width=\"150\" height=\"150\" src=\"https:\/\/www.garageschmidli.ch\/wp-content\/uploads\/2017\/12\/1Heck12828HomeP-Kopie-150x150.jpg\" class=\"attachment-thumbnail size-thumbnail\" alt=\"\" \/><\/a>\n\t\t\t<\/dt><\/dl><br style=\"clear: both\" \/><dl class='gallery-item'>\n\t\t\t<dt class='gallery-icon landscape'>\n\t\t\t\t<a href='https:\/\/www.garageschmidli.ch\/?attachment_id=1439'><img loading=\"lazy\" decoding=\"async\" width=\"150\" height=\"150\" src=\"https:\/\/www.garageschmidli.ch\/wp-content\/uploads\/2017\/12\/2MotorAT2968-150x150.jpg\" class=\"attachment-thumbnail size-thumbnail\" alt=\"\" \/><\/a>\n\t\t\t<\/dt><\/dl><dl class='gallery-item'>\n\t\t\t<dt class='gallery-icon landscape'>\n\t\t\t\t<a href='https:\/\/www.garageschmidli.ch\/?attachment_id=1438'><img loading=\"lazy\" decoding=\"async\" width=\"150\" height=\"150\" src=\"https:\/\/www.garageschmidli.ch\/wp-content\/uploads\/2017\/12\/2MotoATMontage2973-150x150.jpg\" class=\"attachment-thumbnail size-thumbnail\" alt=\"\" \/><\/a>\n\t\t\t<\/dt><\/dl><dl class='gallery-item'>\n\t\t\t<dt class='gallery-icon landscape'>\n\t\t\t\t<a href='https:\/\/www.garageschmidli.ch\/?attachment_id=1437'><img loading=\"lazy\" decoding=\"async\" width=\"150\" height=\"150\" src=\"https:\/\/www.garageschmidli.ch\/wp-content\/uploads\/2017\/12\/3OelwanneKr\u00fcmmerNeu101710-150x150.jpg\" class=\"attachment-thumbnail size-thumbnail\" alt=\"\" \/><\/a>\n\t\t\t<\/dt><\/dl><br style=\"clear: both\" \/><dl class='gallery-item'>\n\t\t\t<dt class='gallery-icon landscape'>\n\t\t\t\t<a href='https:\/\/www.garageschmidli.ch\/?attachment_id=1436'><img loading=\"lazy\" decoding=\"async\" width=\"150\" height=\"150\" src=\"https:\/\/www.garageschmidli.ch\/wp-content\/uploads\/2017\/12\/4JagMotor340SVL18-150x150.jpg\" class=\"attachment-thumbnail size-thumbnail\" alt=\"\" \/><\/a>\n\t\t\t<\/dt><\/dl><dl class='gallery-item'>\n\t\t\t<dt class='gallery-icon landscape'>\n\t\t\t\t<a href='https:\/\/www.garageschmidli.ch\/?attachment_id=1435'><img loading=\"lazy\" decoding=\"async\" width=\"150\" height=\"150\" src=\"https:\/\/www.garageschmidli.ch\/wp-content\/uploads\/2017\/12\/4MotorraumFeb2017VR19-150x150.jpg\" class=\"attachment-thumbnail size-thumbnail\" alt=\"\" \/><\/a>\n\t\t\t<\/dt><\/dl>\n\t\t\t<br style='clear: both' \/>\n\t\t<\/div>\n\n","protected":false},"excerpt":{"rendered":"<p>Jaguar XJ von 1969 mit Dodge GTS 340 cuin. V8 1972 vom Original 6 Zyl. mit 2.8 l auf V8 mit 5.6 l von Paul Schmidli umgebaut und\u00a0 erstmals vorgef\u00fchrt. Im M\u00e4rz 2017 nach \u00fcber 300 Stunden Revision von Motor &hellip; <a href=\"https:\/\/www.garageschmidli.ch\/?page_id=1443\">Continue reading <span class=\"meta-nav\">&rarr;<\/span><\/a><\/p>\n","protected":false},"author":1,"featured_media":1440,"parent":0,"menu_order":0,"comment_status":"closed","ping_status":"closed","template":"","meta":{"footnotes":"","_links_to":"","_links_to_target":""},"class_list":["post-1443","page","type-page","status-publish","has-post-thumbnail","hentry"],"_links":{"self":[{"href":"https:\/\/www.garageschmidli.ch\/index.php?rest_route=\/wp\/v2\/pages\/1443","targetHints":{"allow":["GET"]}}],"collection":[{"href":"https:\/\/www.garageschmidli.ch\/index.php?rest_route=\/wp\/v2\/pages"}],"about":[{"href":"https:\/\/www.garageschmidli.ch\/index.php?rest_route=\/wp\/v2\/types\/page"}],"author":[{"embeddable":true,"href":"https:\/\/www.garageschmidli.ch\/index.php?rest_route=\/wp\/v2\/users\/1"}],"replies":[{"embeddable":true,"href":"https:\/\/www.garageschmidli.ch\/index.php?rest_route=%2Fwp%2Fv2%2Fcomments&post=1443"}],"version-history":[{"count":3,"href":"https:\/\/www.garageschmidli.ch\/index.php?rest_route=\/wp\/v2\/pages\/1443\/revisions"}],"predecessor-version":[{"id":1453,"href":"https:\/\/www.garageschmidli.ch\/index.php?rest_route=\/wp\/v2\/pages\/1443\/revisions\/1453"}],"wp:featuredmedia":[{"embeddable":true,"href":"https:\/\/www.garageschmidli.ch\/index.php?rest_route=\/wp\/v2\/media\/1440"}],"wp:attachment":[{"href":"https:\/\/www.garageschmidli.ch\/index.php?rest_route=%2Fwp%2Fv2%2Fmedia&parent=1443"}],"curies":[{"name":"wp","href":"https:\/\/api.w.org\/{rel}","templated":true}]}}